p = -212 - 343. Calculate the remainder when p is divided by y(22).
19
Suppose 30*u = -0*u + 720. What is the remainder when 547 is divided by u?
19
Let l(c) = -52*c + 3561. Calculate the remainder when 1052 is divided by l(68).
2
Suppose -4*q = -3*r + 117, -2*r - q + 3*q + 78 = 0. Suppose -2*m = 5*x - 162, 9853*m = 9855*m - 2*x - 78. What is the remainder when m is divided by r?
12
Let y(j) = 2*j**2 + 3*j + 5. Let m be 2/(0 - 8/12). Let h be y(m). Suppose h = i + 2*p, -i - 2*p = 2*p - 6. Calculate the remainder when 64 is divided by i.
20
Let l = 47 - -198. Let d = l - 122. What is the remainder when d is divided by (64/9 - (-216)/(-1944)) + 70/2?
39
Let s(v) = -4*v - 19. Let c be s(-6). Suppose 16*j = c*j + 935. What is the remainder when j is divided by 24?
13
Let f(o) = -o**2 + 7*o + 6. Let b be f(6). Let z(d) = -d - 17 + 6 - b*d - d**2. Calculate the remainder when 36 is divided by z(-10).
17
Suppose -572 = 5603*u - 5647*u. Calculate the remainder when 260 is divided by u.
0
Let r(a) = -429*a - 1756. What is the remainder when r(-5) is divided by 14?
11
Let f = -256017 - -256021. What is the remainder when (-6)/(-15) + (-266)/(-10) is divided by f?
3
Let b = -86 - -107. Suppose -5*w + 189 = -b. Suppose -w*t - 84 = -46*t. Calculate the remainder when t is divided by 12.
9
Suppose -i + m - 247 = -m, -m = -2*i - 509. Let l = 92 - i. Calculate the remainder when l is divided by 44.
41
Let t(r) = r**3 - 11*r**2 - 12*r + 16. Let c be t(12). Let u = 178 - 93. What is the remainder when u is divided by ((-99)/(-2))/(-3)*c/(-12)?
19
Suppose 4*b - 197 = -5*v, -1615*v = -1614*v - 9. Let d(s) = 17*s**3 + 4*s**2 - 2*s + 3. What is the remainder when d(3) is divided by b?
36
Let o(v) be the second derivative of v**5/20 + 7*v**4/12 + v**3/2 + 15*v**2 - 73*v. Calculate the remainder when 17 is divided by o(-7).
8
Suppose -7*i + 3*i = -3*i. Suppose -2*y = 3*q - 97, y + i = -4. Suppose 3*h - q = -2*v, v - 20 = 5*v. Calculate the remainder when h is divided by 3.
0
Let m be (-10)/(100/(-6)) + (-857)/(-5). Suppose -3*s - 225 = -4*d - 0*s, -3*d = s - m. Suppose -5*n = -9 - 66. What is the remainder when d is divided by n?
12
Suppose -f + 1303 = 5*x, 4*x - 5*f - 388 - 637 = 0. Suppose 13*u - 234 - x = 0. Let g(a) = -a**2 - 8*a - 2. Calculate the remainder when u is divided by g(-6).
8
Let q(g) = -g**3 + 3*g**2 - 3. Let f be q(-2). Suppose f*y - 19*y = -948. Suppose 4*o - y = -2*o. What is the remainder when o is divided by 14?
9
Let v(l) = 33*l - 35. Let g = -3355 + 3398. Calculate the remainder when v(5) is divided by g.
1
Let w = 179 - 172. Suppose 3*d = -5*y + 5, w*d - 5 = -5*y + 3*d. What is the remainder when 7 is divided by y?
0
Suppose -5*i + 792 = 3*o - 249, -o + 416 = 2*i. Let l = i - 193. What is the remainder when 207 is divided by l?
11
Let m be -54*(16 + -15)/(4/(-14)). Suppose -90 = -2*f + 4*y, 5*f + 34 = -4*y + m. Calculate the remainder when 173 is divided by f.
33
Suppose -13*p + 217 - 48 = 0. Suppose 3*l + 8 = 5. Calculate the remainder when p is divided by (-42)/28*l*2.
1
Suppose -2*d + 54 + 248 = 4*q, 0 = 2*d - 4*q - 278. Calculate the remainder when 712 is divided by d.
132
Let l(y) = 22*y**2 - 10*y + 10. Let f = -107 - -108. What is the remainder when 77 is divided by l(f)?
11
Let u = -402 + -82. Let w = u + 495. What is the remainder when 17 is divided by w?
6
Let v = -57204 - -57222. What is the remainder when -1 + (63 - 1)/2 is divided by v?
12
Calculate the remainder when (194*1 + 0)*(17 + (-1 - 11)) is divided by 239.
14
Let c(r) = -r + 14. Let q be c(13). Calculate the remainder when 107 is divided by 2 + 120/(6/q).
19
Suppose -8 = -2*t + 178. Suppose -5*v - 2*g - 28 = -8*v, 3*v - 43 = 5*g. Suppose -70 = -v*b + 74. What is the remainder when t is divided by b?
21
Let r be (-139 + -3 + 10)*(-2)/4. Let f = -54 - -114. Let g = r - f. What is the remainder when 23 is divided by g?
5
Let u = 1107 - 1078. Calculate the remainder when 11104 is divided by u.
26
Let v(o) = -o**2 - 30*o - 34. Let l be v(-29). Let q(c) = 9*c + 50. What is the remainder when 19 is divided by q(l)?
4
Suppose -196*m + 200*m - 68 = 0. Suppose 0*f + 136 = m*f. What is the remainder when 31 is divided by f?
7
Let a(j) = 5*j**2 + 171*j - 5. Calculate the remainder when 475 is divided by a(-35).
70
Let w = 15036 - 14991. What is the remainder when 1130 is divided by w?
5
Suppose -9*c + 10*c = -s + 24, s - 22 = c. What is the remainder when 7600/180 - ((-4)/18)/(-1) is divided by s?
19
Suppose -85*g + 10*g = 12*g - 6699. Calculate the remainder when 171 is divided by g.
17
Let x(d) = -d**2 + 5*d + 5. Let l(j) = -41*j**2 + 84*j**2 - 21*j + 18 - 45*j**2. What is the remainder when l(-11) is divided by x(5)?
2
Let u(j) = 16*j**2 + 16*j - 8. Let y be u(6). Let s = -578 + y. Calculate the remainder when s is divided by 20.
6
Suppose 328*l + d + 150 = 331*l, 0 = -3*l - 4*d + 135. What is the remainder when ((-2)/(-4))/(1/184) is divided by l?
43
Suppose -165*z + 161*z + 144 = 0. What is the remainder when z is divided by 16?
4
Suppose u = 2*q + 16688 - 11, -2*u + q = -33372. Calculate the remainder when u is divided by 12.
9
Suppose -3*w + 18 = 4*y, -5*y - w + 7 = -21. What is the remainder when 416 is divided by y?
2
What is the remainder when ((-8)/6)/(2 + 38480/(-19230)) is divided by 23?
17
Let s be -4 - (36/(-8) + 4)*38. Let x = 19 - s. Suppose 12*f - 504 = x*f. Calculate the remainder when f is divided by 22.
19
Let y = -1601 - -1624. Let l(i) = 46*i**2 + 3*i + 3. Calculate the remainder when l(-2) is divided by y.
20
Let j be (6/7)/((-2)/(-70)). Let h(p) = -2*p + 82. Calculate the remainder when h(j) is divided by 5.
2
Suppose 4*v = 4*u, 5*v - 10*v = 4*u - 18. Let z(x) be the first derivative of x**3/3 + 3*x**2/2 - x + 2. Calculate the remainder when 51 is divided by z(u).
6
Let q(c) be the third derivative of c**5/60 - 5*c**4/6 - c**3/2 - c**2. Let b be q(23). Calculate the remainder when (-62)/(-4) + b/(-44) is divided by 5.
4
Calculate the remainder when 163 is divided by ((-1854)/721)/((-9)/84).
19
Let f(y) = -5373*y - 3014. Calculate the remainder when f(-1) is divided by 147.
7
What is the remainder when 112/(-12)*(-414)/92 is divided by ((-1)/(-3))/((-1)/(-54))?
6
Suppose -4*r - 23 = -9*r - 2*x, -15 = -2*r + 5*x. Suppose -2*j - r*q + 73 = 0, 0 = 3*j - 4*j + 4*q + 4. What is the remainder when 93 is divided by j?
21
Suppose 0 = -4*q - 10 - 26. What is the remainder when (-70)/(-28)*4*2 is divided by (-4)/(-4 + (-33)/q)?
8
Suppose -1273 = 567*k - 569*k - a, k + 5*a = 614. What is the remainder when k is divided by 81?
72
Suppose 4*j - 400 = -10*j + 944. What is the remainder when 299 is divided by j?
11
Suppose 18*w = 21*w + 2*t - 290, -4*t = 5*w - 486. What is the remainder when 113 is divided by w?
19
Suppose 15*s = 7*s + 5272. Suppose -4*u + 101 = -s. What is the remainder when u is divided by 16?
14
Let s(r) = 12*r**2 + 66*r - 36. Calculate the remainder when s(-7) is divided by 17.
5
Suppose 4*w = 4*v - w - 305, -376 = -5*v + w. Suppose -v = 5*g - 1060. Suppose 2*n - 39 - 1 = 0. Calculate the remainder when g is divided by n.
17
Let m = 117 + -202. What is the remainder when -1 - -1 - 2 - m is divided by (24 - (-1287)/(-52)) + 26*14/16?
17
Suppose 5*l - 61*l + 305797 = 17*l. Calculate the remainder when l is divided by 33.
31
Let v(h) be the third derivative of -h**6/120 - h**5/60 + h**4/24 + 7*h**3/2 - 8*h**2 + 2. Calculate the remainder when 284 is divided by v(0).
11
Let u(h) = 2*h**3 - 69*h**2 - 104*h - 43. What is the remainder when u(36) is divided by (-16)/(0 - -4) - -15 - 0?
2
Suppose 0*p + 40*p - 3337 = -31*p. Let m = 28 - 4. What is the remainder when p is divided by m?
23
Let p be (-4 + 50/15)*-6. Calculate the remainder when (-1 - 177/12)/(2/(-8)) is divided by 10 + -4 + p + -2.
7
Let x = -334 + 329. Calculate the remainder when (-42)/(-7) + 119 + x is divided by 2 - (1 - 2 - 28).
27
Suppose o + 1187 = 2*y, 0*y = -y - o + 598. Suppose r - u - 190 = -63, 5*r + 5*u - y = 0. Let d(i) = 9*i - 5. Calculate the remainder when r is divided by d(4).
30
Let i = 145 - 135. Let f(o) = o**2 + 10*o - 17. Let j be f(-12). Suppose 9*w - i = j*w. What is the remainder when 17 is divided by w?
2
Suppose -84 = 133*l - 136*l. Let p = -171 - -191. Calculate the